{"id":23,"date":"2013-09-29T22:57:15","date_gmt":"2013-09-29T22:57:15","guid":{"rendered":"http:\/\/www.centro-reparacao-pesados.com\/inicio\/?page_id=23"},"modified":"2025-03-16T20:52:16","modified_gmt":"2025-03-16T20:52:16","slug":"contatos","status":"publish","type":"page","link":"https:\/\/www.centro-reparacao-pesados.com\/inicio\/contatos","title":{"rendered":"CONTACTOS e HORARIO"},"content":{"rendered":"<p style=\"text-align: right;\" align=\"center\"><a href=\"http:\/\/www.centro-reparacao-pesados.com\/inicio\/wp-content\/uploads\/2013\/10\/Sem_t\u00edtulo4.jpg\"><img loading=\"lazy\" decoding=\"async\" class=\"size-medium wp-image-144 aligncenter\" src=\"http:\/\/www.centro-reparacao-pesados.com\/inicio\/wp-content\/uploads\/2013\/10\/Sem_t\u00edtulo4-300x168.jpg\" alt=\"Sem_t\u00edtulo\" width=\"330\" height=\"165\" \/><\/a><\/p>\n<p align=\"center\"><span style=\"text-decoration: underline; font-size: small;\"><span style=\"font-family: 'arial black', 'avant garde';\"><span style=\"font-family: 'arial black', 'avant garde';\">CENTRO REPAR<\/span>A\u00c7\u00d5ES PESADOS<\/span><\/span><\/p>\n<p align=\"center\"><span style=\"font-size: small; font-family: 'arial black', 'avant garde';\">Parque Ind\u00fastrial da Mitrena, <\/span><span style=\"font-size: small; font-family: 'arial black', 'avant garde';\">Rua do Esteiro do Carv\u00e3o, Lote 34, <\/span><span style=\"font-size: small; font-family: 'arial black', 'avant garde';\">2910-738 Set\u00fabal<\/span><\/p>\n<p align=\"center\"><span style=\"font-family: 'arial black', 'avant garde'; font-size: small;\">\u00a0 \u00a0GPS: \u00a0 \u00a038.4941N\u00a0 -8.7985 W<\/span><\/p>\n<p align=\"center\">\u00a0<\/p>\n<p align=\"center\"><span style=\"font-size: small;\"><strong><span style=\"font-family: 'arial black', 'avant garde';\">JG&amp;<\/span><\/strong><span style=\"font-family: 'arial black', 'avant garde';\">BP TRUCKS LDA<\/span><\/span><\/p>\n<p align=\"center\"><span style=\"font-size: small;\"><strong><span style=\"font-family: 'arial black', 'avant garde';\">Telef:\u00a0 \u00a0 <span style=\"font-family: 'arial black', sans-serif;\"><span style=\"font-size: 14pt;\">910 305 590<\/span>\u00a0<\/span> Jo\u00e3o Gon\u00e7alves<\/span><\/strong><\/span><\/p>\n<p align=\"center\"><span style=\"font-size: small;\"><strong><span style=\"font-family: 'arial black', 'avant garde';\">Telef:\u00a0 \u00a0<span style=\"font-size: 14pt;\">962 405 909\u00a0<\/span> Bruno Pires<\/span><\/strong><\/span><\/p>\n<p align=\"center\"><span style=\"font-size: small;\"><strong><span style=\"font-family: 'arial black', 'avant garde';\">E-mail: <\/span><\/strong><\/span><span style=\"color: #000000; font-family: 'arial black', sans-serif;\">jg.bptrucks@gmail.com<\/span><\/p>\n<p align=\"center\">\u00a0<\/p>\n<p align=\"center\"><span style=\"font-size: small;\"><strong><span style=\"font-family: 'arial black', 'avant garde';\"><span style=\"font-size: 10pt;\">Telef:<\/span>\u00a0 \u00a0 \u00a0<span style=\"font-size: 8pt;\">917 330 619\u00a0 \u00a0&#8211;\u00a0 \u00a0Miguel Palma\u00a0 \u00a0&#8211;\u00a0 \u00a0C.R.P. lda<\/span><\/span><\/strong><\/span><\/p>\n<p style=\"text-align: center;\" align=\"center\"><span style=\"font-family: 'arial black', 'avant garde'; font-size: small;\">E-mail: <a href=\"mailto:geral@centro-reparacao-pesados.com\">geral@centro-reparacao-pesados.com<\/a><\/span><\/p>\n<p style=\"text-align: center;\" align=\"center\"><span style=\"font-size: medium;\"><\/span><\/p>\n<p align=\"center\"><span style=\"font-family: 'arial black', sans-serif; font-size: 10pt;\"><strong>DAS 8.30 \u00c1S 12.30\u00a0 \u00a0 E\u00a0 \u00a014 \u00c1S 18<\/strong><\/span><\/p>\n<p align=\"center\"><span style=\"font-family: 'arial black', sans-serif; font-size: 10pt;\"><strong>CONTATOS 24h -s\u00f3 mediante contrato pr\u00e9vio<\/strong><\/span><\/p>\n\n\n<p><\/p>\n","protected":false},"excerpt":{"rendered":"<p>CENTRO REPARA\u00c7\u00d5ES PESADOS Parque Ind\u00fastrial da Mitrena, Rua do Esteiro do Carv\u00e3o, Lote 34, 2910-738 Set\u00fabal \u00a0 \u00a0GPS: \u00a0 \u00a038.4941N\u00a0 -8.7985 W \u00a0 JG&amp;BP TRUCKS LDA Telef:\u00a0 \u00a0 910 305 590\u00a0 Jo\u00e3o Gon\u00e7alves Telef:\u00a0 \u00a0962 405 909\u00a0 Bruno Pires E-mail: jg.bptrucks@gmail.com \u00a0 Telef:\u00a0 \u00a0 \u00a0917 330 619\u00a0 \u00a0&#8211;\u00a0 \u00a0Miguel Palma\u00a0 \u00a0&#8211;\u00a0 \u00a0C.R.P. lda E-mail: geral@centro-reparacao-pesados.com\u2026 <span class=\"read-more\"><a href=\"https:\/\/www.centro-reparacao-pesados.com\/inicio\/contatos\">Read More &raquo;<\/a><\/span><\/p>\n","protected":false},"author":1,"featured_media":0,"parent":0,"menu_order":0,"comment_status":"closed","ping_status":"closed","template":"page-templates\/full-width.php","meta":{"footnotes":""},"class_list":["post-23","page","type-page","status-publish","hentry"],"_links":{"self":[{"href":"https:\/\/www.centro-reparacao-pesados.com\/inicio\/wp-json\/wp\/v2\/pages\/23","targetHints":{"allow":["GET"]}}],"collection":[{"href":"https:\/\/www.centro-reparacao-pesados.com\/inicio\/wp-json\/wp\/v2\/pages"}],"about":[{"href":"https:\/\/www.centro-reparacao-pesados.com\/inicio\/wp-json\/wp\/v2\/types\/page"}],"author":[{"embeddable":true,"href":"https:\/\/www.centro-reparacao-pesados.com\/inicio\/wp-json\/wp\/v2\/users\/1"}],"replies":[{"embeddable":true,"href":"https:\/\/www.centro-reparacao-pesados.com\/inicio\/wp-json\/wp\/v2\/comments?post=23"}],"version-history":[{"count":42,"href":"https:\/\/www.centro-reparacao-pesados.com\/inicio\/wp-json\/wp\/v2\/pages\/23\/revisions"}],"predecessor-version":[{"id":351,"href":"https:\/\/www.centro-reparacao-pesados.com\/inicio\/wp-json\/wp\/v2\/pages\/23\/revisions\/351"}],"wp:attachment":[{"href":"https:\/\/www.centro-reparacao-pesados.com\/inicio\/wp-json\/wp\/v2\/media?parent=23"}],"curies":[{"name":"wp","href":"https:\/\/api.w.org\/{rel}","templated":true}]}}